t u(a) = -a**2 - 12*a - 11. Determine u(s).
0
Suppose -7*x - 41 = 8. Let r(b) = -9 + 2*b - 11*b - 4*b. Let l(d) = -6*d - 5. Let c(s) = -9*l(s) + 4*r(s). What is c(x)?
-5
Let l(b) = -23*b - 2. Let u(c) = -181*c - 17. Let t(r) = 24*l(r) - 3*u(r). Give t(4).
-33
Let s(n) = -n**2 + 7*n - 2. Suppose 26*y = 18*y + 4952. Let k = -612 + y. Give s(k).
-2
Let f(g) = 5*g - 5. Suppose -4*c + 4*z = -24, 20 = 24*c - 22*c + 2*z. Give f(c).
35
Let a(w) = 6*w - 1. Let u(r) = -r - 1. Let d = -153 - -149. Let f be (7 + (d - 1))*(-2)/4. Let v(t) = f*a(t) + u(t). Give v(2).
-14
Suppose 5*p + s = 67, 5*p = 9*p + s - 55. Let y(c) = -c**3 + 13*c**2 - 11*c + 9. Calculate y(p).
21
Let y(m) = 11*m**2 + 11*m - 5. Let s = 26 + -24. Let h(b) = 0*b**2 + b**s + 4*b - 2 + 0*b**2 + 3*b**2. Let k(j) = 17*h(j) - 6*y(j). What is k(-3)?
8
Let a(w) be the first derivative of -w**4/4 - w**3 - w**2/2 - 3*w + 1. Let p(d) = -d**3 + 252*d**2 + 9404*d - 35. Let u be p(-33). Give a(u).
-5
Let s be (1 - (16 + -8)) + -25 + (0 - -4). Let m(l) = 2*l + 73. Determine m(s).
17
Let k(t) = 6*t - 202. Suppose 0 = v + h - 37, -384*v - 5*h = -388*v + 139. What is k(v)?
14
Let p(w) = 2*w**3 - w**2 + 8*w + 10 + 0 + 20*w**2 - w**3 - 9*w**2. Let u be (-3)/(52/12 - 4). Calculate p(u).
19
Suppose 0 = -5*x - 4*a - 8 - 9, x - 3*a - 27 = 0. Let l(w) = 5*w**3 - w**2 - w - 5. What is l(x)?
118
Let x = -39481 - -39487. Let f(s) be the third derivative of 37*s**2 + 1/60*s**x + 0*s - 1/24*s**4 - 1/3*s**3 + 0 + 1/15*s**5. Determine f(-3).
-17
Let n(b) = -279*b - 14 + 527*b - 249*b - b**2. Calculate n(-5).
-34
Suppose 16*b - 20*b - 16 = 0. Let d be (b - -5 - 0)*-3. Let h be (1 - d/(-6)*4)/1. Let i(z) = -3*z**3 + z. Determine i(h).
2
Let b(q) = 8*q**2 + 3*q + 133. Let l(f) = 7*f**2 + 3*f + 94. Let k(z) = 3*b(z) - 4*l(z). Calculate k(5).
-92
Let g(q) be the third derivative of 2/3*q**3 + 0 - 7/60*q**5 + 2*q**2 - 1/120*q**6 - 1/4*q**4 + 48*q. Calculate g(-6).
4
Let v(t) be the first derivative of 2*t + 1/2*t**2 - 1/4*t**4 + 7/3*t**3 + 36. Give v(7).
9
Let r(o) be the first derivative of o**3/3 + 11*o**2/2 + 20*o + 1289. Calculate r(-9).
2
Let i(g) = 12*g - 39*g + 6 + 8*g + 5*g + 13*g. Let r be ((-9)/(-3))/(-3) - (-1 - 10). What is i(r)?
-4
Let p(l) = 5*l - 25. Suppose w + 7*d + 22 = 0, 3*d - 6*d - 6 = w. What is p(w)?
5
Let d(f) = -2*f**3 - 35*f**2 + 22*f + 31. Let g be -21 - 0/1 - 2763/(-921). What is d(g)?
-41
Let t(u) = u**3 - 6*u - 5. Suppose 0 = -40*v + 25 - 145. Give t(v).
-14
Let q = -129 - -132. Let v(y) = -6*y + 5. Let i(k) = 5*k - 6. Let a(w) = -3*i(w) - 4*v(w). What is a(q)?
25
Let t(o) = -36*o + 1. Let s(n) = -249*n + 142. Let b(f) = -s(f) + 6*t(f). Calculate b(5).
29
Let n(g) = -3*g**2 + 2*g. Let q(l) = 23*l**2 - 10*l + 3. Let s(h) = 6*n(h) + q(h). Determine s(-3).
42
Let f(z) = 18*z + 6 + 31*z - 50*z + z**2 + 18*z. Calculate f(-16).
-10
Let t(g) be the third derivative of 5/24*g**4 + 0 + 5/6*g**3 + 1/60*g**5 + 0*g + 11*g**2. Let d = 37 - 41. Determine t(d).
1
Let q(n) be the first derivative of n**5/120 - n**4/24 - 2*n**3 - 4. Let p(k) be the third derivative of q(k). Let x be (-100)/(-125)*(-15)/2. Determine p(x).
-7
Suppose 3*m - o + 6*o - 21 = 0, -2*m + 2*o = 2. Suppose m*c = 49 + 73. Let w = 63 - c. Let x(p) = -p**3 - p**2 + p + 2. Calculate x(w).
-8
Let i(b) = -3*b**2 + 5*b + 13. Let a(h) = -13*h**2 + 19*h + 58. Let z(v) = -2*a(v) + 9*i(v). Let s(o) = -o**2 - 4*o + 3. Let d be s(-4). Give z(d).
13
Let y(z) = 2*z + z**2 + 0*z - 5*z + 2 + 2. Let d be (-1 - (-46)/4)*868/1519. Calculate y(d).
22
Let s(v) be the third derivative of -1/12*v**4 + 0 + 0*v**3 - 50*v**2 + 0*v. Give s(-8).
16
Let s(f) = -f**2 + 8*f - 8. Let u be (-6)/33 - -2*(-218)/22. Let c be (-8)/((-96)/u)*-3. Give s(c).
7
Let x(t) be the second derivative of -t**4/12 + 11*t**3/6 + 31*t**2/2 - 39*t - 9. Give x(13).
5
Let f be 340/120 + (5/6)/5. Let s be f/1 + (3 - (8 - 2)). Suppose -l = d - s - 12, 5 = d. Let u(h) = h**2 - 6*h + 8. Calculate u(l).
15
Let g(x) = -4*x - x**2 - 12 + 5 + 6. Let v be g(-1). Let u(l) = -4 - 5*l**2 - 14*l**v + 17*l**2 + l. Calculate u(3).
-19
Let s(x) = -2. Let o(q) = 2*q + 21. Let u(k) = o(k) + 6*s(k). Let p(j) = -2*j - 11. Let m(l) = -2*p(l) - 3*u(l). Calculate m(-4).
3
Let w(h) be the second derivative of -5*h**4/12 + 29*h**3/6 + h**2 - 11595*h. What is w(6)?
-4
Let y be (-518)/(-2184) - (-2)/(-13). Let x(c) be the second derivative of 0*c**3 + 0*c**2 + 0 - 1/20*c**5 + y*c**4 + 2*c. Give x(0).
0
Let n(c) = -5*c**3 + 546*c**2 - 4*c - 45. Let g(i) = -4*i**3 + 456*i**2 - 4*i - 40. Let j(y) = 6*g(y) - 5*n(y). Let u = -13 - -7. Determine j(u).
9
Let z(u) = -166 + 89 + 91 - 3*u**2 + 40*u. Calculate z(14).
-14
Let s(l) = -45*l + 43. Let v(o) = 29*o - 28. Let a(t) = -5*s(t) - 8*v(t). Give a(-4).
37
Let j(z) = -43*z + 213. Suppose 0 = -n + 2*d - 1, -5*n - 4*d - 21 + 58 = 0. What is j(n)?
-2
Let i(s) = s**2 - 11*s - 5. Let z be 4 - ((-42)/(-4))/((-21)/798). Let u = z + -390. Give i(u).
21
Let o(x) = -2*x**2 + 308*x - 34 - 300*x + 3*x**2. Determine o(-13).
31
Suppose 0*c - 16 = 4*c. Suppose 2*y - 12 - 2 = 0. Let a(z) = -1 - 2 - 3 - 2*z + y + 1. Give a(c).
10
Let r(d) = d**3 + 23*d**2 - d - 27. Let z = 14735 - 14758. Calculate r(z).
-4
Let d be 2*(2 + 5) - -2. Let u(q) = q**3 - 36*q + 18*q - 2*q**3 + 3 + d*q - 4*q**2. Give u(-4).
11
Let b(y) = -y**2 + 5*y - 3. Let n(m) be the first derivative of m**4/4 + 3*m**3 + 2*m**2 - 26*m - 88. Let h be n(-8). Calculate b(h).
-9
Let b(x) be the second derivative of x**3/6 - 13*x**2/2 + x + 37. What is b(-15)?
-28
Let g(a) be the third derivative of 7*a**5/20 + a**4/8 + a**3/6 - 254*a**2 - 6*a - 1. Determine g(-2).
79
Suppose -5*h = -4 - 16. Suppose 4*u + 32 = h. Let z(l) = 7*l**2 - 96*l - 6. Let p(q) = 51*q**2 - 706*q - 42. Let o(g) = 3*p(g) - 22*z(g). Give o(u).
-1
Let c be (-6)/2 - (0 - -15)*7/(-21). Let g(s) be the first derivative of -2*s**c - s - 2/3*s**3 + 20. Calculate g(-4).
-17
Suppose 0 = -n + 147 + 51. Let i be (-36)/n - (-68)/11. Let v be -4 - (1 - i)/(-5). Let y(l) = -l - 3. Determine y(v).
2
Let v(j) = j**2 - 11*j - 147. Let d be v(19). Let w(p) = -4 - d*p - 78*p**2 + 156*p**2 - 79*p**2 + p. What is w(-4)?
-4
Let w(s) = -8*s**2 + 18*s + 55. Let p(d) = -d**2 + 4*d + 6. Let o(n) = -7*p(n) + w(n). Give o(2).
-11
Let t be (10/(-40))/(5/40*-1). Let d(q) = -35185*q**2 + 20*q + 2*q**3 + 35165*q**t - 20 - q**3. Determine d(19).
-1
Let s(m) = m**3 - 5*m**2 + 2*m + 5. Suppose -15*q - 55 = -20*q. Suppose -3*p = -q - 1. Determine s(p).
-3
Suppose -r = -d, -7 = -3*r - 4*d + 14. Let a(b) = -b - 2. Let u(n) = -2*n - 6. Let l(g) = r*a(g) - u(g). Let i = 0 + 0. What is l(i)?
0
Let c(g) = -4*g + 3. Let b(o) = 27*o - 1945. Let q be b(72). Give c(q).
7
Suppose 0*d = -56*d + 672. Let t(i) be the first derivative of -i**4/4 + 4*i**3 - i**2 + 13*i - 2. Give t(d).
-11
Let q(u) = -u**2 - 8*u + 6. Let s = -14 + 35. Let m be 7/2*10/(20/4). Suppose 4*b = m*b + s. Give q(b).
13
Let r(g) be the first derivative of -7*g**2/2 + 45*g - 4865. Give r(7).
-4
Let h be 2/(-10) - (-224)/20. Let j(p) be the first derivative of p**3/3 - 13*p**2/2 + 12*p - 2309. Determine j(h).
-10
Let f(u) = -u**2 + 3*u - 12. Let g(c) = -c**2 + 4*c - 9. Suppose 37 = 8*i - 3. Let x(o) = i*g(o) - 4*f(o). Determine x(6).
15
Let f(p) = -2*p**2 - p - 1. Suppose -36*l + 33*l + 10 = w, -w = -4*l + 4. Calculate f(l).
-11
Let p(i) = i**3 - 9*i**2 + 7*i + 4. Suppose 6 = -w + 15. Let n be 22/(-5)*(w - 4). Let t be (4/(-5))/(n/220). What is p(t)?
-4
Let p(s) be the second derivative of 5*s**3/6 - 3*s**2/2 + 562*s - 2. Let r be 2 - 0/1 - -1. Let t = r - 7. What is p(t)?
-23
Let r(n) = 1481*n - n**2 - 3 - 1478*n + 0. Let c be ((-16)/12)/(2/(-3)). Determine r(c).
-1
Let t be ((-3)/(-6))/(1/116). Let v = -56 + t. Let o(q) = -q**2 + q - 1. Let u(h) = 5*h**2 - 2*h + 5. Let s(y) = -3*o(y) - u(y). Give s(v).
-12
Suppose 4*t - 22 = -a, 15*a + 1 = 18*a - t. Suppose -4*c + 35 = -13. Let y be c/a - 11 - (-2)/(-2). Let x(n) = n**2 + 7*n + 9. Give x(y).
3
Let m(c) = -355*c**2 - 7456*c - 15. Let o be m(-21). Let t(v) = 2*v**3 + 9*v**2 - 3*v + 12. Let b(z) = z**3 + z**2. Let x(s) = -3*b(s) + t(s). Give x(o).
-6
Let a(t) = t**3 + 6*t**2 + 4*t - 4. Suppose -877*g = -626*g + 1255. What is a(g)?
1
Let z(k) = k**3 - 5*k**2 + 4*k - 5. Let h be z(5). Let g(q